f o(-9)?
6
Suppose -33 - 14 = -j. Suppose -k = -5*m + 2142, -m + 3*k = j - 467. Let i = -289 + m. What is the units digit of i?
0
Let p(u) = -u**2 - 15*u + 18. Suppose 3*c - c = 4. Let t be (5*-3)/1 + c. What is the units digit of p(t)?
4
Let q(m) be the first derivative of -239*m**4/4 + m**2 + m - 32. Let o be q(-1). Suppose -597 = -5*n + o. What is the hundreds digit of n?
1
Let w = -572 - -567. What is the units digit of 12/2 - (w + 13*-44)?
3
Let y(v) = 0*v**2 - 2*v**2 - 1 - 4 - 27*v**3 - 3*v + 26*v**3. What is the tens digit of y(-4)?
3
Let s(c) = 3*c - 11. Let o be s(-8). Let j = 45 + o. Let b(n) = 10*n - 14. What is the units digit of b(j)?
6
Let u(j) be the third derivative of 0*j + 2/3*j**4 + 11*j**2 + 11/6*j**3 - 1/10*j**5 + 0 - 1/120*j**6. What is the hundreds digit of u(-10)?
2
Let a(z) = 2*z**2 + 14. Let p be a(8). Suppose -f + k + 71 = 0, -k = 5*f - 3*f - p. Suppose -128 = -3*o + 5*i, o + 6*i - f = 2*i. What is the units digit of o?
1
Let j(u) be the first derivative of -u**4/4 + u**3/3 + u**2/2 - 6*u + 3. Let f be j(0). What is the units digit of f/21 + 625/(-7)*-1?
9
Let w(k) = 8*k**2 - 38*k - 211. What is the units digit of w(23)?
7
Let a = -24 + 24. Suppose a = 4*z - 12 - 4. Suppose 146 + 250 = z*j. What is the units digit of j?
9
Let g be ((-8)/6)/((-4)/414). Suppose -12*s + 10*s = -g. What is the tens digit of s?
6
What is the ten thousands digit of -3 - (1 + -26509 + -9 + 3)?
2
Suppose 42*m - 2215 = 37*m. Let k be (5/2)/(4/8). What is the units digit of 2/5 + m/k?
9
Suppose 2*c = -6083 + 12103. What is the hundreds digit of c?
0
Let i = -194 + 210. Suppose 0 = -i*j + 4637 + 2707. What is the tens digit of j?
5
Let o = 12 + 133. Suppose 78 = d - o. Let a = d - 123. What is the units digit of a?
0
Let v = -14978 + 22719. What is the tens digit of v?
4
Let b(l) = 739*l - 69. Let w(o) = 36*o + 38. Let i be w(-1). What is the thousands digit of b(i)?
1
Suppose 0 = -11*i - 4886 + 18438. What is the hundreds digit of i?
2
Let k = 649 + -409. Suppose 682 = 2*n - k. What is the units digit of n?
1
Let m(h) be the third derivative of h**5/30 + h**4/3 + 3*h**3/2 + h**2 + 6*h. What is the tens digit of m(7)?
6
Suppose 3*h + 2*h - 20 = 0. Let z be 5/(-30)*-21 - 6/h. Suppose -3*u - 3*o = -240, o - 84 = -u + z*o. What is the tens digit of u?
8
Let g(b) = -7*b**3 + 2*b - 1. Let s be g(-3). Let o be 16/4*-13*2. Let d = o + s. What is the units digit of d?
8
Let d = 1904 + -1336. Suppose -14*u + 4486 + d = 0. What is the tens digit of u?
6
Let w(h) = -186*h + 290. Let j be w(4). Let v = j + 918. What is the tens digit of v?
6
Suppose 217661 - 57017 = 66*c. What is the hundreds digit of c?
4
Suppose -18*k = -24*k. Suppose 23*s - 18*s - 235 = k. What is the tens digit of s?
4
Let q(z) = -1021*z + 60. What is the hundreds digit of q(-5)?
1
Let o = 311 - -185. Let h = o - -140. What is the units digit of h?
6
Suppose 52*u + 154*u = 21*u + 5382390. What is the thousands digit of u?
9
Let n = 5390 + -2394. What is the thousands digit of n?
2
Let u(g) = 1921*g + 6964. What is the ten thousands digit of u(19)?
4
What is the units digit of 105/(-21)*278256/(-60)?
8
Let i(x) = 2*x**2 + 226*x + 26005. What is the units digit of i(0)?
5
Let g(a) = -283*a - 1. Let n be g(-1). Suppose 0 = -2*z + 342 + n. Suppose -4*t + 4*r = -z, t - r - 82 = r. What is the tens digit of t?
7
Let h(n) = -n**2 - n + 3. Let c be h(0). Suppose 146*j - 6203 = 9051 + 5916. Suppose 8*v = c*v + j. What is the units digit of v?
9
Let i(m) = 2*m + 24. Let n be 70/(-15) + 4 - 82/(-6). Let c be i(n). Let d = 34 + c. What is the units digit of d?
4
Suppose -9 - 31 = -8*i. Suppose i*j + 469 = 2019. Suppose 6*g - j + 100 = 0. What is the units digit of g?
5
Let z = 283 - 158. Suppose -3*v = 5*l - z, -2*l - 4*v = -6*v - 50. What is the tens digit of l?
2
Let y be (6/(-39) - (-33)/(-39))*-47. Let v(d) = 19*d + 374. What is the hundreds digit of v(y)?
2
What is the thousands digit of -4 + 706550/35 + (57/(-7) - -8)?
0
Let g(y) = -y**2 - 2*y + 6. Let s be g(-15). Let u = 318 + s. Let m = u + -92. What is the tens digit of m?
3
Let j(t) = 900*t - 62. What is the thousands digit of j(8)?
7
Suppose -46*t - 108851 = -459302 - 90321. What is the units digit of t?
2
Let i(r) be the first derivative of 1/2*r**2 + 3*r**3 + 29 + r. What is the tens digit of i(1)?
1
Let k = 96 - 94. Let j(o) = 4 + 12*o**2 + 4 + o - 2*o + o**3 - k*o. What is the units digit of j(-12)?
4
Let y be -1 - (-5)/(5/11). Suppose 5*s = y*s - 535. Suppose -s = -z + 47. What is the hundreds digit of z?
1
Let i(y) = -2*y**2 + 8*y + 4. Let q be i(3). Let a(r) = q*r + r**3 - 4*r**2 - r**2 - 42 + 37. What is the units digit of a(7)?
3
Let n be 4 + -7 + -1 + 6. Let g(f) = 119*f**3 + 5*f**2 + f. What is the hundreds digit of g(n)?
9
Suppose -262*w = -17*w + 199015 - 1207680. What is the thousands digit of w?
4
Let d = 391 - 391. Suppose d = -6*l + 2907 + 969. What is the hundreds digit of l?
6
Let j = -26299 + 39295. What is the hundreds digit of (2/4)/(18/j)?
3
Suppose 4*k + 18 - 7 = -a, 0 = 5*a + 2*k + 1. Let u be (-3399)/(-22)*a*2*-6. What is the tens digit of (u/27)/((-2)/3)?
0
Suppose 88432 = 14*t - 120154. What is the thousands digit of t?
4
Suppose -b = -b - 2*b. Suppose 5*g - 936 = -2*p + 5*p, b = -4*g - p + 742. Suppose 0 = -4*j + j + g. What is the tens digit of j?
6
Suppose -2*x - 2654 = -3*b + b, 3*x = -3*b + 3993. What is the tens digit of b?
2
Suppose 1288*l - 21800 = 1263*l. What is the units digit of l?
2
Suppose -5*i = -2*j - 47717, 5615 = 2*i - 4*j - 13491. What is the tens digit of i?
4
Let l be ((-2)/7)/(5 + (-282)/56). Let y(a) = 12*a + 30. What is the tens digit of y(l)?
2
Let w be (-6 - -4) + 8 + -3. Suppose -180 = -d - d + 2*j, w*d - 294 = -5*j. Let s = d - 38. What is the tens digit of s?
5
Suppose -5*r + 3*f + 12 = 0, r - 14 = -4*r + f. Suppose r*w - 164 = -26. Let o = w + -28. What is the units digit of o?
8
Suppose 5*s = -2*o + 36, 8*o - 4*o = -s + 18. What is the hundreds digit of 1636/s + (-2)/3?
2
Let w = 8702 + -6098. Suppose l + w = -j + 5*j, 0 = 4*l + 16. What is the tens digit of j?
5
Let i be -178*(-1 + 5 + -11). Let k = i - 866. What is the tens digit of k?
8
Suppose 2*l - 5*v - 10907 = 9959, 0 = -2*v - 12. What is the ten thousands digit of l?
1
What is the thousands digit of (-18 + (15 - -16865))*(-6)/(-4)?
5
Let p(n) = 34*n - 54. Let j be p(6). Suppose -j = -k - 80. What is the tens digit of k?
7
Suppose 0 = -t - 5*w - 7, 2*w + w = -6. Suppose t*o = 2*g + 11, -3 + 1 = -o - g. Suppose -l = 4*z - 121 - 4, -o*z = 3*l - 411. What is the tens digit of l?
4
Let v = -49 - -70. Suppose 0 = v*b - 28*b + 5320. What is the units digit of b?
0
What is the hundreds digit of 4 - (-187044)/110*2*60/16?
7
Suppose -2*u = 8, 1118*q - 26440 = 1116*q - 3*u. What is the units digit of q?
6
Let q(z) = -2*z**2 + 12*z - 8. Let l be q(10). Let s = -73 - l. What is the tens digit of s*-2*(-3 + 2)?
3
Let a = -34 - -43. Let m(z) = z**2 + z + 9. Let r be m(a). Let c = r - 15. What is the units digit of c?
4
Suppose a - 4*a = -15. Let k = -187 - -246. Suppose k = a*z - 1. What is the tens digit of z?
1
Suppose 1648 = 4*n + 4*o, 10*o - 7*o = -2*n + 820. Let w = n + -365. What is the tens digit of w?
5
Suppose -1590 = -5*d - 3*c, -3*c = -4*c. Let b = d - 166. What is the tens digit of b?
5
Suppose -32639 - 14590 = -21*c. Let n = c - 1051. What is the units digit of n?
8
Let o(r) = 23*r**2 + 78*r + 61. What is the units digit of o(24)?
1
Suppose -6*h - 58 + 82 = 0. Suppose 12 = -q + h*q, -3*l + 2180 = -q. What is the hundreds digit of l?
7
Let o be (0 + -2)*10/(-4). Suppose 99 = -o*q + 54. What is the tens digit of (-2)/q + 1580/18 + -2?
8
Suppose 7*b - 25 = -4. Suppose -u - 696 = -2*t, -t - 2*u = b*u - 348. What is the hundreds digit of t?
3
Suppose 4 = 4*o, 6*k - 3*o = k - 73. Let y(s) = -3 - 22*s**2 - 20*s + 11*s**2 + 10*s**2. What is the tens digit of y(k)?
8
Let s(m) = -74*m**2 + 25*m + 79. Let r be s(-4). Let u = 1954 + r. What is the tens digit of u?
4
Let y be -2 - (2 + 20/(-4) + -301). What is the units digit of (-6)/(-4)*(-1 + y/6)?
4
What is the thousands digit of 56/7 + -6 + -3 + 6461?
6
Let y(m) be the second derivative of -m**4/12 - 14*m**3/3 + 10*m**2 - 4*m + 4. What is the units digit of y(-14)?
6
Suppose 